3 - -252) - 6
-32
Evaluate -6 - (-27 - (-21 + -16) - 21).
5
-171 + 150 - (13 + -10 - -13)
-37
Evaluate -54 - -115 - 4 - 77.
-20
What is the value of 98 + (8 - (-8 + 1 + (26 - (-29 - -52))))?
110
(-14399 - -14386) + -2 + (-2 - (-1 - 61))
45
Evaluate (-6 + -56 - -10) + 91.
39
Calculate 37 - (-1879 + 1843 - (-2 - 30)).
41
Calculate 5 + (1 - 0) + (-73 - (-60 - -26)).
-33
Evaluate (49 - 129) + -91 - (-33 + -1).
-137
Calculate 783 + -798 - (-32 - (5 - 11)).
11
What is the value of -63 - 2 - (-1 - (-19 - -9))?
-74
What is the value of -1 + -28 + (28 - -148 - 157)?
-10
Calculate (-288 - -89 - -87) + 175.
63
Evaluate -7 + 30 + 20 + -19 + 13.
37
Evaluate (-100 + -12 + 34 - -37) + (0 - -7) + -1.
-35
What is -165 + 161 + (16 - -72)?
84
Evaluate -32 - -47 - (31 - (1 + -7)).
-22
Evaluate 38 + (-103 - -103 - (-8 + 3 + -3 - 2)).
48
-1 + -4 - 17 - (39 - 38)
-23
What is 85 - (-113 + 139 + -22)?
81
9 + -5 - (11 - (-3 + 2 + 6 - 25))
-27
What is the value of -67 - (90 + -98) - -22?
-37
What is the value of -17 + 1 + (-72 - -88) + -4 - 42?
-46
-1595 - -1597 - (1 + 6 - 37)
32
What is 6 + (7 - -6) + -8 - 2 - (15 + -9)?
3
Evaluate -37 + 35 + -35 + -1.
-38
-5274 + 5318 + -1 + 1 + -3
41
What is the value of (12 + -66 - -11) + -107 + 38?
-112
Evaluate (-112 - -115) + (6 - 12 - -6).
3
Evaluate -5 + (-7 - -19) - ((-12 - -6) + 2 + 0).
11
-10 - (-27 + -3) - (12 + 1) - 0
7
What is the value of -2 + 32 - ((7 - 19 - -4) + 0)?
38
What is the value of 1 + 72 - (-3 + 4 + (27 + -23 - 1))?
69
What is -95 + (138 - (196 + -94))?
-59
Evaluate (74 - 12) + 3 + 36 + -71.
30
What is (151 - 124) + (-2 - 10 - -1) + 6 + -2?
20
Evaluate 6 + 4 + 48 + (-10 - (-1 - (-12 - -17))).
54
-180 + 140 + (7 - (1 - (-5 + 3)))
-36
What is (-37 + 1 + 54 - (64 + -3)) + -10?
-53
Evaluate -19 + (35 - -16) + -25.
7
-33 + (-38 - -9) + -24 + 15
-71
What is -25 + 21 + 2 + 19?
17
Calculate -23 + -4 + 125 + (99 - 190).
7
-17 + (30 - (-10 + 14))
9
Calculate (2 + -4 - -1) + (-35 - ((-13 - -37) + -48)).
-12
2 - -3 - -30 - (17 - 12 - -4)
26
Calculate (-27 - -140) + -28 - (-25 - -64).
46
What is the value of (194 - 122) + -17 + -56?
-1
Evaluate (-29 - -3) + (-5 - -11) + (3 + -9 - 5).
-31
(92 - 6) + (-12 + 30 + -52 - -27)
79
(-15 - (37 - 110)) + -117
-59
What is the value of (-10 - -13) + 18 + 52 + -18?
55
Evaluate (-98 - (55 + -98)) + 29.
-26
Calculate 2747 - 2844 - (7 - 20).
-84
1 + -3 + -108 + (-29 + -6 - -75)
-70
What is the value of 1 - -34 - (-380 + 398) - (1 - 41)?
57
Evaluate -45 + -4 + 2 - (-9 - -15) - (-47 - -42).
-48
What is (6 - 11 - -80) + -18 + -25 + 10 + 23?
65
What is the value of (-36 - -42) + (12 - (0 - -9))?
9
Calculate 35 + -13 - 6 - (145 - 47).
-82
Evaluate -40 + 11 + 3 + -8 + 2 + 4.
-28
Calculate -1 + -10 + -3971 + 3986.
4
What is 26 - (17 + (-15 - (31 + -19)))?
36
Calculate 12 + 1 + -29 + 74.
58
2 + 4 - -10 - (-340 - -289)
67
What is the value of (-1 - -1 - (125 + 43 - (52 - 13))) + 12?
-117
0 + -90 - (-229 - (129 - 313))
-45
Calculate (-27546 - -27762) + (-1 - 78).
137
What is 71 - (-59 + 235) - -121?
16
34 + -123 + 55 + 1
-33
53 + (21 - 58) - ((-2 - -2) + 28)
-12
Calculate 63 - (-10 - -80 - 61).
54
Evaluate 110 - 17 - (-7 + 5 + 7 + -1).
89
Evaluate 26 + 1 + (-27 - 15).
-15
What is (-15 - -1) + (17 - -1 - -6)?
10
Evaluate (14 - (363 - 360 - (32 - -1))) + 7.
51
4 + (-5 - -27) + -2 + (0 - 17)
7
What is (-10 - -5) + (-77 - -85) + -33?
-30
Evaluate 54 - (69 + 11 - 102).
76
What is (-4 - (5 - 0)) + (-13 - (-65 + 31))?
12
What is 58 + -25 - 32 - (21 + 65)?
-85
379 - 531 - (17 - 66)
-103
Calculate 11 + (20 + -18 + 31 - 17).
27
Calculate -13 - (-25 + 23) - (16 + 4 - -1).
-32
Evaluate (113 - (208 + -109)) + 1 + -85.
-70
(44 - (38 + 15)) + (-25 - -1)
-33
What is ((1 - 2) + -3 - 2) + (-105 - (-195 - -136))?
-52
Calculate (84 - (-27 - -77) - 35) + 1 + 0 + 76.
76
73 + -22 + 38 + -5 + 0 + -3
81
10 - (7 + 9) - (14 + -111 + 8)
83
Calculate 99 - (168 + -22) - (0 - -12).
-59
Calculate -4 - -3 - ((1 + -7 - (-146 - -173)) + 6).
26
42 + -8 + -16 + -16 + -6
-4
What is 10 - (11 + 26) - (-136 - -117)?
-8
-21 - (-73 + 28 + -16)
40
Calculate -11 - (6 + (-13 - -44)).
-48
Calculate (-32 - -1 - (267 - 290) - -29) + -140.
-119
What is -145 + 101 + 51 - (1 + 0 - 9)?
15
-32 + (7 - 0) + 22 + -72 + 32
-43
Evaluate -92 - -36 - -56 - 84.
-84
Evaluate -27 + (-15 + 15 + (-13 - (2 + -15)) - 1).
-28
Evaluate -4 + (-1 - -15 - 5) + (-26 - -18).
-3
Evaluate 4 - 0 - (-10 + -3 + 3 + 2 + 0).
12
Calculate (1 - (1 + 140)) + (-89 + 35 - -82 - 14).
-126
What is the value of -196 - -188 - (-12 - -58)?
-54
Evaluate -8 - -19 - (24 + -6 + -6 - 76).
75
-5 + 23 + -5 - 4 - (-1 - 13)
23
What is -63 - -16 - 48 - -43?
-52
(-70 - -16 - 31) + 54
-31
What is the value of (-1 - -20 - (-13 - 1 - (271 - 294))) + -40?
-30
What is the value of -54 + 12 + (0 - (0 - 5) - (1 + 4))?
-42
What is (2 - 18) + -126 + 113 + 14 + (1 - 3)?
-17
What is 8 + (8 - (-9 + 16)) - -2?
11
(28 + -2 + 10 - 68) + -5
-37
Evaluate 57 + -4 - (-119 + 59 - -44).
69
Evaluate -51 - (-147 - (-44 - 22)).
30
-139 + 132 + (-5 - -11) + (-2 + -3 - -137)
131
What is -66 - (7 - (-53 - -114))?
-12
What is the value of -86 + 0 + (-9 - (25 + -40 - 5))?
-75
72 - 39 - (1 + 8)
24
15 + (-35 + 21 - (7 + -6)) + -49
-49
Evaluate 6 + -9 - (63 + -52).
-14
Calculate -50 + (-54 - -69 - -143).
108
What is 67 - (-49 - (-4 - 84))?
28
What is 13 - ((0 - -2) + 27 - (-2 - 7))?
-25
Calculate -80 + -8 + 42 + 74 - -80.
108
What is -516 + 520 - (4 + (3 - 5 - -5))?
-3
Calculate 18 + -40 - (-2 + -31 + 0).
11
Evaluate -1 - (-33 - -2) - (2 - (-7 - 4)).
17
What is the value of (0 - -1) + (70 - 74 - (7 - 36))?
26
What is 4 - (2 + 1 + 4 + 41 + -48)?
4
What is (-1 + -1 - (34 + -21 + -17)) + -50?
-48
-3 - ((-21 - -1) + -18) - 101
-66
Calculate 31 - -2 - (217 - (-113 - -293)).
-4
Evaluate (7 + 26 - (-1 - -12)) + 3 + 1 - -8.
34
Evaluate 7 + -59 - ((34 - (1 - -8)) + -32).
-45
Evaluate (-8 - -18) + -85 + (78 - 77).
-74
Evaluate (-18 - (-46 + 29)) + (-12 - 38).
-51
What is 2 + (-10 - ((-9 - -15) + -13)) - -14?
13
Evaluate -6 + (50 + 5 - ((-13 - (-15 - -10)) + 2)).
55
Evaluate 4 + 6 + (-104 + 0 - (-12 + 11 + -10)).
-83
What is the value of (74 - 87) + (-3 - 74 - -7)?
-83
What is the value of 17 + -12 - (-14 - (-6 + 68))?
81
(44 - 0) + (381 - (-7 + 363))
69
(19 - (127 + -2 + -17 + 29)) + -7
-125
What is (-371 - -384 - (1 + 8)) + (0 - 20) - -9?
-7
Calculate -25 + (4 + -3 - 7) - (6 - (6 - 9)).
-40
Evaluate -16 - (-24 + (-2 - -17) + -17 - 21).
31
What is (-55 + 5 - (10 - 24)) + (12 - 8)?
-32
What is the value of -15 - (-73 - (-34 + 16) - 3)?
43
2 + (1 - 5) + -1 - (-14 + (-40 - -2))
49
What is the value of (-30 - -106 - -14) + -8 + (8 - 5) + 17?
102
Calculate -27 + (212 - 211) + (1 - 25).
-50
What is (-4 - -1 - (4 - 1)) + -9 + 41 + -41?
-15
Evaluate -111 + 0 + 1 + 5 + 15 + -32 + 13.
-109
What is the value of (-2 - (-15 + 7 + 7) - (-3 + 62)) + -9?
-69
What is -6 + (2 - 6) - (-58 - (-9 - -3 - -11))?
53
What is -38 + -6 - (-10 + 11) - (58 + -73)?
-30
-72 - ((-13 - 1) + -4) - -21
-33
Evaluate -36 + (-27 - (24 + -72)).
-15
Calculate -51 + (-1 - -1 - ((-362 - -351) + 0 + 0)).
-40
-23 - ((11 - (-20 - (-3 - 21))) + -5)
-25
What is the value of 22 + (-20 + (26 - 14) - -31)?
45
Calculate (2766 - 2773) + (-50 - 0).
-57
Calculate (-21 - (1 - 12) - -27) + -30.
-13
Evaluate 338 + -326 + 5 + -54.
-37
Calculate (4 + -11 + 2 - -7) + (134 - 142) - 11.
-17
Calculate -23 + 13 + 13 - (43 + -60).
20
What is -8 + 0 + (136 - 81) + -55?
-8
What is the value of -30 - (-75 + 33) - (1 + 1 + (84 - -4))?
-78
Calculate (0 - -1 - -3) + 31 + 0 + 111 + -136.
10
Calculate (0 - 22) + (-89 - -170) + -85.
-26
-2 + (-24 - -17) - -6
-3
Evaluate 129 + (-25 - 127) - -142.
119
Evaluate 4 - (-5 + (-4 + -3 - (3 + 3)) + 4).
18
What is the value of -25 + 5 + 5 + -22 + -3 + 2 + -9?
-47
What is the value of (7 - 20) + -351 + 346?
-18
Evaluate 15 + (-25 - 0) - (8 + -8 - 8).
-2
Evaluate 38 + -8 + 18 + -26 - (-1 + (6 - 3)).
20
What is the value of 181 + 8 + (85 - 196)?
78
(14 - -46 - 29) + -17
14
What is 33 - ((11 - (2 + -6 + -6 + 12)) + -2)?
26
What is 1 + (3 - 4) - (-13 - -26 - -25)?
-38
Evaluate (2468 - 2459) + 0 + 1 + -97.
-87
What is the value of ((13 - 18) + 50 - 12) + 1 + -5?
29
Calculate -27 + 13 + -21 - (1 + -28 - -9).
-17
30 + -15 - (-5 - (12 + -26) - -42)
-36
Calculate 1689 + -1703 